housands digit of 289844103?
8
What is the hundred thousands digit of 55414178?
4
What is the hundreds digit of 211140079?
0
What is the units digit of 8621148?
8
What is the hundred thousands digit of 85457256?
4
What is the ten millions digit of 19455222?
1
What is the ten thousands digit of 58733687?
3
What is the thousands digit of 99245753?
5
What is the thousands digit of 1121329215?
9
What is the thousands digit of 522008015?
8
What is the tens digit of 62437355?
5
What is the ten thousands digit of 1692593?
9
What is the thousands digit of 787500511?
0
What is the hundred millions digit of 913137270?
9
What is the tens digit of 24751924?
2
What is the hundred millions digit of 2158308746?
1
What is the millions digit of 3453784238?
3
What is the hundred thousands digit of 4061714?
0
What is the ten thousands digit of 31692513?
9
What is the units digit of 496395131?
1
What is the thousands digit of 134547189?
7
What is the ten thousands digit of 10396460?
9
What is the tens digit of 225511262?
6
What is the millions digit of 2132387581?
2
What is the thousands digit of 165842333?
2
What is the hundred millions digit of 767080126?
7
What is the hundred millions digit of 760460980?
7
What is the hundred millions digit of 3323879872?
3
What is the ten millions digit of 75985769?
7
What is the tens digit of 79944854?
5
What is the hundred thousands digit of 4651959687?
9
What is the ten thousands digit of 503878972?
7
What is the tens digit of 30885020?
2
What is the hundred thousands digit of 144990514?
9
What is the hundreds digit of 389282802?
8
What is the billions digit of 2288322341?
2
What is the thousands digit of 793510665?
0
What is the hundred thousands digit of 87902726?
9
What is the units digit of 53417565?
5
What is the units digit of 127364304?
4
What is the hundred thousands digit of 1037509085?
5
What is the thousands digit of 119131186?
1
What is the ten thousands digit of 8322071912?
7
What is the hundreds digit of 58497675?
6
What is the hundred thousands digit of 61923326?
9
What is the hundred thousands digit of 6634563?
6
What is the ten millions digit of 2021772076?
2
What is the ten millions digit of 73675473?
7
What is the thousands digit of 3028470?
8
What is the millions digit of 172904594?
2
What is the ten millions digit of 105938804?
0
What is the thousands digit of 63442096?
2
What is the ten millions digit of 2032540950?
3
What is the ten thousands digit of 781621726?
2
What is the ten millions digit of 48810839?
4
What is the hundred thousands digit of 484762536?
7
What is the thousands digit of 7197220?
7
What is the ten millions digit of 4153171666?
5
What is the tens digit of 2439044566?
6
What is the tens digit of 409199629?
2
What is the hundred thousands digit of 11924272?
9
What is the units digit of 5662851372?
2
What is the tens digit of 35975166?
6
What is the tens digit of 50370433?
3
What is the hundred thousands digit of 51324124?
3
What is the thousands digit of 552170543?
0
What is the millions digit of 371752850?
1
What is the units digit of 1427569133?
3
What is the hundreds digit of 55723207?
2
What is the hundred millions digit of 672334578?
6
What is the millions digit of 1229092624?
9
What is the hundred millions digit of 640052815?
6
What is the millions digit of 376926825?
6
What is the millions digit of 646666369?
6
What is the millions digit of 2790664822?
0
What is the tens digit of 288646386?
8
What is the ten millions digit of 26542778?
2
What is the ten millions digit of 38726540?
3
What is the hundred thousands digit of 44156500?
1
What is the ten millions digit of 3487974215?
8
What is the millions digit of 58269226?
8
What is the hundred thousands digit of 2144715452?
7
What is the thousands digit of 1728785?
8
What is the tens digit of 89569978?
7
What is the thousands digit of 173547296?
7
What is the hundred thousands digit of 110790202?
7
What is the units digit of 542977874?
4
What is the hundreds digit of 286738359?
3
What is the units digit of 150499766?
6
What is the units digit of 3128251147?
7
What is the units digit of 301641779?
9
What is the millions digit of 2046306588?
6
What is the units digit of 3159477?
7
What is the ten thousands digit of 118772163?
7
What is the thousands digit of 250607530?
7
What is the tens digit of 5758480152?
5
What is the hundreds digit of 143334748?
7
What is the millions digit of 547259398?
7
What is the hundred millions digit of 702353606?
7
What is the hundred millions digit of 142377515?
1
What is the millions digit of 13307931?
3
What is the thousands digit of 282035872?
5
What is the hundreds digit of 23055845?
8
What is the millions digit of 4843355171?
3
What is the hundreds digit of 46169486?
4
What is the millions digit of 300881507?
0
What is the tens digit of 536152587?
8
What is the thousands digit of 834089397?
9
What is the hundred thousands digit of 2128647507?
6
What is the thousands digit of 311107268?
7
What is the tens digit of 4351619?
1
What is the ten thousands digit of 398199917?
9
What is the thousands digit of 53016136?
6
What is the millions digit of 108572681?
8
What is the units digit of 5800538731?
1
What is the hundred thousands digit of 501903677?
9
What is the hundred thousands digit of 69065432?
0
What is the hundreds digit of 688683712?
7
What is the millions digit of 790002574?
0
What is the thousands digit of 91765912?
5
What is the ten thousands digit of 15244150?
4
What is the ten millions digit of 6568136700?
6
What is the hundred thousands digit of 33939671?
9
What is the hundreds digit of 435562637?
6
What is the millions digit of 292727963?
2
What is the ten millions digit of 21695837?
2
What is the millions digit of 534175484?
4
What is the hundreds digit of 50609298?
2
What is the thousands digit of 45069080?
9
What is the thousands digit of 101760722?
0
What is the hundreds digit of 8105150227?
2
What is the tens digit of 950798065?
6
What is the hundreds digit of 380389042?
0
What is the hundreds digit of 778782709?
7
What is the ten millions digit of 3043411967?
4
What is the tens digit of 29532763?
6
What is the hundred thousands digit of 292236103?
2
What is the units digit of 2535999602?
2
What is the hundred thousands digit of 778541339?
5
What is the thousands digit of 2326990314?
0
What is the ten millions digit of 75688231?
7
What is the hundred millions digit of 121821312?
1
What is the hundreds digit of 2439967257?
2
What is the hundreds digit of 7188173095?
0
What is the thousands digit of 125789049?
9
What is the tens digit of 35092797?
9
What is the tens digit of 39366001?
0
What is the hundreds digit of 941833766?
7
What is the hundreds digit of 184007872?
8
What is the hundred thousands digit of 1410235452?
2
What is the units digit of 129117694?
4
What is the ten millions digit of 68745178?
6
What is the units digit of 376278482?
2
What is the ten millions digit of 1848721287?
4
What is the thousands digit of 44527120?
7
What is the hundred thousands digit of 35865259?
8
What is the hundreds digit of 99739812?
8
What is the hundreds digit of 6971100?
1
What is the thousands digit of 377920781?
0
What is the ten thousands digit of 831793927?
9
What is the hundred thousands digit of 1682105459?
1
What is the hundreds digit of 244333494?
4
What is the hundred millions digit of 212661513?
2
What is the ten millions digit of 21858523?
2
What is the tens digit of 815658890?
9
What is the millions digit of 1011781666?
1
What is the hundred thousands digit of 94184350?
1
What is the hundred thousands digit of 18039781?
0
What is the tens digit of 105874118?
1
What is the hundred thousands digit of 2506242573?
2
What is the hundreds digit of 7431118630?
6
What is the tens digit of 38640522?
2
What is the hundred millions digit of 147471478?
1
What is the thousands digit of 687188121?
8
What is the ten millions digit of 746822592?
4
What is the millions digit of 281496065?
1
What is the thousands digit of 1847105877?
5
What is the hundred thousands digit of 12013806?
0
What is the hundred thousands digit of 193688029?
6
What is the hundred thousands digit of 1955822918?
8
What is the thousands digit of 1379974416?
4
What is the tens digit of 4511429583?
8
What is the hundre